{"id":6341,"date":"2024-12-16T01:01:06","date_gmt":"2024-12-16T01:01:06","guid":{"rendered":"https:\/\/cauchocolor.com.ar\/sitio\/?page_id=6341"},"modified":"2024-12-23T15:59:20","modified_gmt":"2024-12-23T15:59:20","slug":"pisos-de-caucho","status":"publish","type":"page","link":"https:\/\/cauchocolor.com.ar\/sitio\/pisos-de-caucho\/","title":{"rendered":"Pisos de Caucho"},"content":{"rendered":"\t\t<div data-elementor-type=\"wp-page\" data-elementor-id=\"6341\" class=\"elementor elementor-6341\" data-elementor-post-type=\"page\">\n\t\t\t\t<div class=\"elementor-element elementor-element-1e61c30 e-flex e-con-boxed e-con e-parent\" data-id=\"1e61c30\" data-element_type=\"container\">\n\t\t\t\t\t<div class=\"e-con-inner\">\n\t\t<div class=\"elementor-element elementor-element-d839b56 e-con-full e-flex e-con e-child\" data-id=\"d839b56\" data-element_type=\"container\">\n\t\t\t\t<div class=\"elementor-element elementor-element-d806ce6 elementor-widget elementor-widget-spacer\" data-id=\"d806ce6\" data-element_type=\"widget\" data-widget_type=\"spacer.default\">\n\t\t\t\t<div class=\"elementor-widget-container\">\n\t\t\t\t\t\t\t<div class=\"elementor-spacer\">\n\t\t\t<div class=\"elementor-spacer-inner\"><\/div>\n\t\t<\/div>\n\t\t\t\t\t\t<\/div>\n\t\t\t\t<\/div>\n\t\t\t\t<\/div>\n\t\t\t\t<div class=\"elementor-element elementor-element-cba4a1f elementor-widget elementor-widget-heading\" data-id=\"cba4a1f\" data-element_type=\"widget\" data-widget_type=\"heading.default\">\n\t\t\t\t<div class=\"elementor-widget-container\">\n\t\t\t\t\t<h2 class=\"elementor-heading-title elementor-size-default\">\u00bfDe qu\u00e9 se trata?<\/h2>\t\t\t\t<\/div>\n\t\t\t\t<\/div>\n\t\t\t\t<div class=\"elementor-element elementor-element-ffb3024 elementor-widget elementor-widget-spacer\" data-id=\"ffb3024\" data-element_type=\"widget\" data-widget_type=\"spacer.default\">\n\t\t\t\t<div class=\"elementor-widget-container\">\n\t\t\t\t\t\t\t<div class=\"elementor-spacer\">\n\t\t\t<div class=\"elementor-spacer-inner\"><\/div>\n\t\t<\/div>\n\t\t\t\t\t\t<\/div>\n\t\t\t\t<\/div>\n\t\t\t\t\t<\/div>\n\t\t\t\t<\/div>\n\t\t<div class=\"elementor-element elementor-element-d4bb800 e-flex e-con-boxed e-con e-parent\" data-id=\"d4bb800\" data-element_type=\"container\">\n\t\t\t\t\t<div class=\"e-con-inner\">\n\t\t<div class=\"elementor-element elementor-element-9ec1a30 e-con-full e-flex e-con e-child\" data-id=\"9ec1a30\" data-element_type=\"container\">\n\t\t\t\t<div class=\"elementor-element elementor-element-92bac08 elementor-widget elementor-widget-text-editor\" data-id=\"92bac08\" data-element_type=\"widget\" data-widget_type=\"text-editor.default\">\n\t\t\t\t<div class=\"elementor-widget-container\">\n\t\t\t\t\t\t\t\t\t<p>El piso de caucho continuo es un pavimento especialmente dise\u00f1ado como elemento de seguridad, actuando de contenci\u00f3n y amortiguaci\u00f3n de impactos frente a ca\u00eddas.<\/p><p>Sus propiedades lo hacen ideal para espacios recreativos como escuelas, patios, jardines de infantes, parques y plazas p\u00fablicas.<\/p><p>El producto se compone de la mezcla obtenida in-situ de granos de caucho semielaborados con un aglutinante especial.<\/p>\t\t\t\t\t\t\t\t<\/div>\n\t\t\t\t<\/div>\n\t\t\t\t<\/div>\n\t\t<div class=\"elementor-element elementor-element-b9caf1e e-con-full e-flex e-con e-child\" data-id=\"b9caf1e\" data-element_type=\"container\">\n\t\t\t\t<div class=\"elementor-element elementor-element-80db2f1 elementor-widget elementor-widget-text-editor\" data-id=\"80db2f1\" data-element_type=\"widget\" data-widget_type=\"text-editor.default\">\n\t\t\t\t<div class=\"elementor-widget-container\">\n\t\t\t\t\t\t\t\t\t<p><img decoding=\"async\" class=\"wp-image-215 size-full\" src=\"http:\/\/cauchocolor.com.ar\/wp-content\/uploads\/2013\/01\/Header_5_Verde-Med-1024x448.jpg\" sizes=\"(max-width: 1024px) 100vw, 1024px\" srcset=\"https:\/\/cauchocolor.com.ar\/wp-content\/uploads\/2013\/01\/Header_5_Verde-Med-1024x448.jpg 1024w, https:\/\/cauchocolor.com.ar\/wp-content\/uploads\/2013\/01\/Header_5_Verde-Med-300x131.jpg 300w, https:\/\/cauchocolor.com.ar\/wp-content\/uploads\/2013\/01\/Header_5_Verde-Med.jpg 1404w\" alt=\"\" \/><\/p>\t\t\t\t\t\t\t\t<\/div>\n\t\t\t\t<\/div>\n\t\t\t\t<\/div>\n\t\t\t\t\t<\/div>\n\t\t\t\t<\/div>\n\t\t<div class=\"elementor-element elementor-element-4e5c2d5 e-flex e-con-boxed e-con e-parent\" data-id=\"4e5c2d5\" data-element_type=\"container\">\n\t\t\t\t\t<div class=\"e-con-inner\">\n\t\t<div class=\"elementor-element elementor-element-a5869f4 e-con-full e-flex e-con e-child\" data-id=\"a5869f4\" data-element_type=\"container\">\n\t\t\t\t<div class=\"elementor-element elementor-element-18d737d elementor-widget elementor-widget-image\" data-id=\"18d737d\" data-element_type=\"widget\" data-widget_type=\"image.default\">\n\t\t\t\t<div class=\"elementor-widget-container\">\n\t\t\t\t\t\t\t\t\t\t\t\t\t\t\t<img fetchpriority=\"high\" decoding=\"async\" width=\"640\" height=\"630\" src=\"https:\/\/cauchocolor.com.ar\/sitio\/wp-content\/uploads\/2024\/12\/Piso_Caucho_05-3.jpg\" class=\"attachment-large size-large wp-image-6349\" alt=\"\" srcset=\"https:\/\/cauchocolor.com.ar\/sitio\/wp-content\/uploads\/2024\/12\/Piso_Caucho_05-3.jpg 720w, https:\/\/cauchocolor.com.ar\/sitio\/wp-content\/uploads\/2024\/12\/Piso_Caucho_05-3-300x295.jpg 300w\" sizes=\"(max-width: 640px) 100vw, 640px\" \/>\t\t\t\t\t\t\t\t\t\t\t\t\t\t\t<\/div>\n\t\t\t\t<\/div>\n\t\t\t\t<\/div>\n\t\t<div class=\"elementor-element elementor-element-0ef0a77 e-con-full e-flex e-con e-child\" data-id=\"0ef0a77\" data-element_type=\"container\">\n\t\t\t\t<div class=\"elementor-element elementor-element-163a4bf elementor-widget elementor-widget-text-editor\" data-id=\"163a4bf\" data-element_type=\"widget\" data-widget_type=\"text-editor.default\">\n\t\t\t\t<div class=\"elementor-widget-container\">\n\t\t\t\t\t\t\t\t\t<p><br><\/p><p><br><\/p><p>El piso se compone de una capa SBR de granos de caucho reciclado provenientes de neum\u00e1ticos. Esta base es la responsable de las propiedades amortiguantes.Seguido a ella, una fina capa de caucho EPDM o SBR v\u00edrgen marca Caucho Color le dar\u00e1 su colorida apariencia.<\/p>\t\t\t\t\t\t\t\t<\/div>\n\t\t\t\t<\/div>\n\t\t\t\t<\/div>\n\t\t\t\t\t<\/div>\n\t\t\t\t<\/div>\n\t\t<div class=\"elementor-element elementor-element-56a9d72 e-flex e-con-boxed e-con e-parent\" data-id=\"56a9d72\" data-element_type=\"container\">\n\t\t\t\t\t<div class=\"e-con-inner\">\n\t\t\t\t<div class=\"elementor-element elementor-element-499625f elementor-widget elementor-widget-spacer\" data-id=\"499625f\" data-element_type=\"widget\" data-widget_type=\"spacer.default\">\n\t\t\t\t<div class=\"elementor-widget-container\">\n\t\t\t\t\t\t\t<div class=\"elementor-spacer\">\n\t\t\t<div class=\"elementor-spacer-inner\"><\/div>\n\t\t<\/div>\n\t\t\t\t\t\t<\/div>\n\t\t\t\t<\/div>\n\t\t\t\t<div class=\"elementor-element elementor-element-17f75e0 elementor-widget elementor-widget-heading\" data-id=\"17f75e0\" data-element_type=\"widget\" data-widget_type=\"heading.default\">\n\t\t\t\t<div class=\"elementor-widget-container\">\n\t\t\t\t\t<h2 class=\"elementor-heading-title elementor-size-default\">Cuales son sus propiedades?<\/h2>\t\t\t\t<\/div>\n\t\t\t\t<\/div>\n\t\t\t\t<div class=\"elementor-element elementor-element-1e9f27b elementor-widget elementor-widget-image\" data-id=\"1e9f27b\" data-element_type=\"widget\" data-widget_type=\"image.default\">\n\t\t\t\t<div class=\"elementor-widget-container\">\n\t\t\t\t\t\t\t\t\t\t\t\t\t\t\t<img decoding=\"async\" width=\"1870\" height=\"278\" src=\"https:\/\/cauchocolor.com.ar\/sitio\/wp-content\/uploads\/2024\/12\/Captura-de-pantalla-2024-12-15-a-las-9.55.44\u202fp.-m.png\" class=\"attachment-full size-full wp-image-6343\" alt=\"\" srcset=\"https:\/\/cauchocolor.com.ar\/sitio\/wp-content\/uploads\/2024\/12\/Captura-de-pantalla-2024-12-15-a-las-9.55.44\u202fp.-m.png 1870w, https:\/\/cauchocolor.com.ar\/sitio\/wp-content\/uploads\/2024\/12\/Captura-de-pantalla-2024-12-15-a-las-9.55.44\u202fp.-m-300x45.png 300w, https:\/\/cauchocolor.com.ar\/sitio\/wp-content\/uploads\/2024\/12\/Captura-de-pantalla-2024-12-15-a-las-9.55.44\u202fp.-m-1024x152.png 1024w, https:\/\/cauchocolor.com.ar\/sitio\/wp-content\/uploads\/2024\/12\/Captura-de-pantalla-2024-12-15-a-las-9.55.44\u202fp.-m-768x114.png 768w, https:\/\/cauchocolor.com.ar\/sitio\/wp-content\/uploads\/2024\/12\/Captura-de-pantalla-2024-12-15-a-las-9.55.44\u202fp.-m-1536x228.png 1536w\" sizes=\"(max-width: 1870px) 100vw, 1870px\" \/>\t\t\t\t\t\t\t\t\t\t\t\t\t\t\t<\/div>\n\t\t\t\t<\/div>\n\t\t\t\t<div class=\"elementor-element elementor-element-8583ba6 elementor-widget elementor-widget-spacer\" data-id=\"8583ba6\" data-element_type=\"widget\" data-widget_type=\"spacer.default\">\n\t\t\t\t<div class=\"elementor-widget-container\">\n\t\t\t\t\t\t\t<div class=\"elementor-spacer\">\n\t\t\t<div class=\"elementor-spacer-inner\"><\/div>\n\t\t<\/div>\n\t\t\t\t\t\t<\/div>\n\t\t\t\t<\/div>\n\t\t\t\t<div class=\"elementor-element elementor-element-cd3a3cb elementor-align-center elementor-widget elementor-widget-tm-button\" data-id=\"cd3a3cb\" data-element_type=\"widget\" data-widget_type=\"tm-button.default\">\n\t\t\t\t<div class=\"elementor-widget-container\">\n\t\t\t\t\t\t\t<div class=\"tm-button-wrapper\">\n\t\t\t<a href=\"#\" class=\"tm-button-link tm-button style-flat tm-button-lg icon-\" role=\"button\">\n\t\t\t\t\t\t<div class=\"button-content-wrapper\">\n\t\t\t\n\t\t\t\t\t\t\t<span class=\"button-text\">Formulario de pedidos<\/span>\n\t\t\t\n\t\t\t\t\t<\/div>\n\t\t\n\t\t\t\t\t\t\t<\/a>\n\t\t<\/div>\n\t\t\t\t\t\t<\/div>\n\t\t\t\t<\/div>\n\t\t\t\t<div class=\"elementor-element elementor-element-00bd51f elementor-widget elementor-widget-spacer\" data-id=\"00bd51f\" data-element_type=\"widget\" data-widget_type=\"spacer.default\">\n\t\t\t\t<div class=\"elementor-widget-container\">\n\t\t\t\t\t\t\t<div class=\"elementor-spacer\">\n\t\t\t<div class=\"elementor-spacer-inner\"><\/div>\n\t\t<\/div>\n\t\t\t\t\t\t<\/div>\n\t\t\t\t<\/div>\n\t\t\t\t\t<\/div>\n\t\t\t\t<\/div>\n\t\t<div class=\"elementor-element elementor-element-0d03100 e-flex e-con-boxed e-con e-parent\" data-id=\"0d03100\" data-element_type=\"container\">\n\t\t\t\t\t<div class=\"e-con-inner\">\n\t\t\t\t<div class=\"elementor-element elementor-element-2fe9ac6 elementor-widget elementor-widget-heading\" data-id=\"2fe9ac6\" data-element_type=\"widget\" data-widget_type=\"heading.default\">\n\t\t\t\t<div class=\"elementor-widget-container\">\n\t\t\t\t\t<h2 class=\"elementor-heading-title elementor-size-default\">Caucho Color: EPDM vs. SBR<\/h2>\t\t\t\t<\/div>\n\t\t\t\t<\/div>\n\t\t\t\t\t<\/div>\n\t\t\t\t<\/div>\n\t\t<div class=\"elementor-element elementor-element-6e36553 e-flex e-con-boxed e-con e-parent\" data-id=\"6e36553\" data-element_type=\"container\">\n\t\t\t\t\t<div class=\"e-con-inner\">\n\t\t\t\t<div class=\"elementor-element elementor-element-36b6d92 elementor-widget elementor-widget-image\" data-id=\"36b6d92\" data-element_type=\"widget\" data-widget_type=\"image.default\">\n\t\t\t\t<div class=\"elementor-widget-container\">\n\t\t\t\t\t\t\t\t\t\t\t\t\t\t\t<img decoding=\"async\" width=\"640\" height=\"208\" src=\"https:\/\/cauchocolor.com.ar\/sitio\/wp-content\/uploads\/2024\/12\/EPDM-SBR_02-1024x332.jpg\" class=\"attachment-large size-large wp-image-6344\" alt=\"\" srcset=\"https:\/\/cauchocolor.com.ar\/sitio\/wp-content\/uploads\/2024\/12\/EPDM-SBR_02-1024x332.jpg 1024w, https:\/\/cauchocolor.com.ar\/sitio\/wp-content\/uploads\/2024\/12\/EPDM-SBR_02-300x97.jpg 300w, https:\/\/cauchocolor.com.ar\/sitio\/wp-content\/uploads\/2024\/12\/EPDM-SBR_02-768x249.jpg 768w, https:\/\/cauchocolor.com.ar\/sitio\/wp-content\/uploads\/2024\/12\/EPDM-SBR_02.jpg 1080w\" sizes=\"(max-width: 640px) 100vw, 640px\" \/>\t\t\t\t\t\t\t\t\t\t\t\t\t\t\t<\/div>\n\t\t\t\t<\/div>\n\t\t\t\t\t<\/div>\n\t\t\t\t<\/div>\n\t\t<div class=\"elementor-element elementor-element-ba275d0 e-flex e-con-boxed e-con e-parent\" data-id=\"ba275d0\" data-element_type=\"container\">\n\t\t\t\t\t<div class=\"e-con-inner\">\n\t\t\t\t<div class=\"elementor-element elementor-element-a8b3162 elementor-widget elementor-widget-image\" data-id=\"a8b3162\" data-element_type=\"widget\" data-widget_type=\"image.default\">\n\t\t\t\t<div class=\"elementor-widget-container\">\n\t\t\t\t\t\t\t\t\t\t\t\t\t\t\t<img loading=\"lazy\" decoding=\"async\" width=\"640\" height=\"325\" src=\"https:\/\/cauchocolor.com.ar\/sitio\/wp-content\/uploads\/2024\/12\/Captura-de-pantalla-2024-12-15-a-las-9.57.43\u202fp.-m.png\" class=\"attachment-large size-large wp-image-6345\" alt=\"\" srcset=\"https:\/\/cauchocolor.com.ar\/sitio\/wp-content\/uploads\/2024\/12\/Captura-de-pantalla-2024-12-15-a-las-9.57.43\u202fp.-m.png 826w, https:\/\/cauchocolor.com.ar\/sitio\/wp-content\/uploads\/2024\/12\/Captura-de-pantalla-2024-12-15-a-las-9.57.43\u202fp.-m-300x153.png 300w, https:\/\/cauchocolor.com.ar\/sitio\/wp-content\/uploads\/2024\/12\/Captura-de-pantalla-2024-12-15-a-las-9.57.43\u202fp.-m-768x391.png 768w\" sizes=\"(max-width: 640px) 100vw, 640px\" \/>\t\t\t\t\t\t\t\t\t\t\t\t\t\t\t<\/div>\n\t\t\t\t<\/div>\n\t\t\t\t<div class=\"elementor-element elementor-element-07fe84f elementor-widget elementor-widget-spacer\" data-id=\"07fe84f\" data-element_type=\"widget\" data-widget_type=\"spacer.default\">\n\t\t\t\t<div class=\"elementor-widget-container\">\n\t\t\t\t\t\t\t<div class=\"elementor-spacer\">\n\t\t\t<div class=\"elementor-spacer-inner\"><\/div>\n\t\t<\/div>\n\t\t\t\t\t\t<\/div>\n\t\t\t\t<\/div>\n\t\t\t\t\t<\/div>\n\t\t\t\t<\/div>\n\t\t<div class=\"elementor-element elementor-element-0e6827b e-flex e-con-boxed e-con e-parent\" data-id=\"0e6827b\" data-element_type=\"container\">\n\t\t\t\t\t<div class=\"e-con-inner\">\n\t\t\t\t<div class=\"elementor-element elementor-element-cec1b8c elementor-widget elementor-widget-heading\" data-id=\"cec1b8c\" data-element_type=\"widget\" data-widget_type=\"heading.default\">\n\t\t\t\t<div class=\"elementor-widget-container\">\n\t\t\t\t\t<h2 class=\"elementor-heading-title elementor-size-default\">\nControles y ensayos de Calidad<\/h2>\t\t\t\t<\/div>\n\t\t\t\t<\/div>\n\t\t\t\t\t<\/div>\n\t\t\t\t<\/div>\n\t\t<div class=\"elementor-element elementor-element-432b508 e-flex e-con-boxed e-con e-parent\" data-id=\"432b508\" data-element_type=\"container\">\n\t\t\t\t\t<div class=\"e-con-inner\">\n\t\t\t\t<div class=\"elementor-element elementor-element-4738e46 elementor-widget elementor-widget-image\" data-id=\"4738e46\" data-element_type=\"widget\" data-widget_type=\"image.default\">\n\t\t\t\t<div class=\"elementor-widget-container\">\n\t\t\t\t\t\t\t\t\t\t\t\t\t\t\t<img loading=\"lazy\" decoding=\"async\" width=\"1080\" height=\"200\" src=\"https:\/\/cauchocolor.com.ar\/sitio\/wp-content\/uploads\/2024\/12\/Certificacion_CITEDEF_02.jpg\" class=\"attachment-full size-full wp-image-6346\" alt=\"\" srcset=\"https:\/\/cauchocolor.com.ar\/sitio\/wp-content\/uploads\/2024\/12\/Certificacion_CITEDEF_02.jpg 1080w, https:\/\/cauchocolor.com.ar\/sitio\/wp-content\/uploads\/2024\/12\/Certificacion_CITEDEF_02-300x56.jpg 300w, https:\/\/cauchocolor.com.ar\/sitio\/wp-content\/uploads\/2024\/12\/Certificacion_CITEDEF_02-1024x190.jpg 1024w, https:\/\/cauchocolor.com.ar\/sitio\/wp-content\/uploads\/2024\/12\/Certificacion_CITEDEF_02-768x142.jpg 768w\" sizes=\"(max-width: 1080px) 100vw, 1080px\" \/>\t\t\t\t\t\t\t\t\t\t\t\t\t\t\t<\/div>\n\t\t\t\t<\/div>\n\t\t\t\t\t<\/div>\n\t\t\t\t<\/div>\n\t\t<div class=\"elementor-element elementor-element-5b5e480 e-flex e-con-boxed e-con e-parent\" data-id=\"5b5e480\" data-element_type=\"container\">\n\t\t\t\t\t<div class=\"e-con-inner\">\n\t\t\t\t<div class=\"elementor-element elementor-element-011276e elementor-widget elementor-widget-spacer\" data-id=\"011276e\" data-element_type=\"widget\" data-widget_type=\"spacer.default\">\n\t\t\t\t<div class=\"elementor-widget-container\">\n\t\t\t\t\t\t\t<div class=\"elementor-spacer\">\n\t\t\t<div class=\"elementor-spacer-inner\"><\/div>\n\t\t<\/div>\n\t\t\t\t\t\t<\/div>\n\t\t\t\t<\/div>\n\t\t\t\t<div class=\"elementor-element elementor-element-5e33df1 elementor-widget elementor-widget-heading\" data-id=\"5e33df1\" data-element_type=\"widget\" data-widget_type=\"heading.default\">\n\t\t\t\t<div class=\"elementor-widget-container\">\n\t\t\t\t\t<h2 class=\"elementor-heading-title elementor-size-default\">Ejemplos<\/h2>\t\t\t\t<\/div>\n\t\t\t\t<\/div>\n\t\t\t\t\t<\/div>\n\t\t\t\t<\/div>\n\t\t<div class=\"elementor-element elementor-element-342c341 e-grid e-con-full e-con e-parent\" data-id=\"342c341\" data-element_type=\"container\">\n\t\t\t\t<div class=\"elementor-element elementor-element-c330aa6 elementor-widget elementor-widget-image\" data-id=\"c330aa6\" data-element_type=\"widget\" data-widget_type=\"image.default\">\n\t\t\t\t<div class=\"elementor-widget-container\">\n\t\t\t\t\t\t\t\t\t\t\t\t<figure class=\"wp-caption\">\n\t\t\t\t\t\t\t\t\t\t<img loading=\"lazy\" decoding=\"async\" width=\"640\" height=\"296\" src=\"https:\/\/cauchocolor.com.ar\/sitio\/wp-content\/uploads\/2024\/12\/San_Andres_01_500px-1024x474.jpg\" class=\"attachment-large size-large wp-image-6347\" alt=\"\" srcset=\"https:\/\/cauchocolor.com.ar\/sitio\/wp-content\/uploads\/2024\/12\/San_Andres_01_500px-1024x474.jpg 1024w, https:\/\/cauchocolor.com.ar\/sitio\/wp-content\/uploads\/2024\/12\/San_Andres_01_500px-300x139.jpg 300w, https:\/\/cauchocolor.com.ar\/sitio\/wp-content\/uploads\/2024\/12\/San_Andres_01_500px-768x356.jpg 768w, https:\/\/cauchocolor.com.ar\/sitio\/wp-content\/uploads\/2024\/12\/San_Andres_01_500px.jpg 1080w\" sizes=\"(max-width: 640px) 100vw, 640px\" \/>\t\t\t\t\t\t\t\t\t\t\t<figcaption class=\"widget-image-caption wp-caption-text\">Colegio San Andr\u00e9s \u2013 Victoria, Buenos Aires.<\/figcaption>\n\t\t\t\t\t\t\t\t\t\t<\/figure>\n\t\t\t\t\t\t\t\t\t<\/div>\n\t\t\t\t<\/div>\n\t\t\t\t<div class=\"elementor-element elementor-element-cb3c260 elementor-widget elementor-widget-image\" data-id=\"cb3c260\" data-element_type=\"widget\" data-widget_type=\"image.default\">\n\t\t\t\t<div class=\"elementor-widget-container\">\n\t\t\t\t\t\t\t\t\t\t\t\t<figure class=\"wp-caption\">\n\t\t\t\t\t\t\t\t\t\t<img loading=\"lazy\" decoding=\"async\" width=\"640\" height=\"296\" src=\"https:\/\/cauchocolor.com.ar\/sitio\/wp-content\/uploads\/2024\/12\/Palmas_del_Pilar_01_500px-1024x474.jpg\" class=\"attachment-large size-large wp-image-6348\" alt=\"\" srcset=\"https:\/\/cauchocolor.com.ar\/sitio\/wp-content\/uploads\/2024\/12\/Palmas_del_Pilar_01_500px-1024x474.jpg 1024w, https:\/\/cauchocolor.com.ar\/sitio\/wp-content\/uploads\/2024\/12\/Palmas_del_Pilar_01_500px-300x139.jpg 300w, https:\/\/cauchocolor.com.ar\/sitio\/wp-content\/uploads\/2024\/12\/Palmas_del_Pilar_01_500px-768x356.jpg 768w, https:\/\/cauchocolor.com.ar\/sitio\/wp-content\/uploads\/2024\/12\/Palmas_del_Pilar_01_500px.jpg 1080w\" sizes=\"(max-width: 640px) 100vw, 640px\" \/>\t\t\t\t\t\t\t\t\t\t\t<figcaption class=\"widget-image-caption wp-caption-text\">Palmas del Pilar Shopping \u2013 Panamericana Km 50, La Lonja, Buenos Aires.<\/figcaption>\n\t\t\t\t\t\t\t\t\t\t<\/figure>\n\t\t\t\t\t\t\t\t\t<\/div>\n\t\t\t\t<\/div>\n\t\t\t\t<\/div>\n\t\t<div class=\"elementor-element elementor-element-b9dde49 e-flex e-con-boxed e-con e-parent\" data-id=\"b9dde49\" data-element_type=\"container\">\n\t\t\t\t\t<div class=\"e-con-inner\">\n\t\t\t\t<div class=\"elementor-element elementor-element-90eb1bf elementor-widget elementor-widget-spacer\" data-id=\"90eb1bf\" data-element_type=\"widget\" data-widget_type=\"spacer.default\">\n\t\t\t\t<div class=\"elementor-widget-container\">\n\t\t\t\t\t\t\t<div class=\"elementor-spacer\">\n\t\t\t<div class=\"elementor-spacer-inner\"><\/div>\n\t\t<\/div>\n\t\t\t\t\t\t<\/div>\n\t\t\t\t<\/div>\n\t\t\t\t<div class=\"elementor-element elementor-element-55154f0 elementor-align-center elementor-widget elementor-widget-tm-button\" data-id=\"55154f0\" data-element_type=\"widget\" data-widget_type=\"tm-button.default\">\n\t\t\t\t<div class=\"elementor-widget-container\">\n\t\t\t\t\t\t\t<div class=\"tm-button-wrapper\">\n\t\t\t<a href=\"#\" class=\"tm-button-link tm-button style-flat tm-button-lg icon-left\" role=\"button\">\n\t\t\t\t\t\t<div class=\"button-content-wrapper\">\n\t\t\t\t\t\t\t<span class=\"button-icon\">\n\t\t\t\t\t<i class=\"fa-regular fa-pencil\"><\/i>\t\t\t\t<\/span>\n\t\t\t\n\t\t\t\t\t\t\t<span class=\"button-text\">Formulario de pedidos<\/span>\n\t\t\t\n\t\t\t\t\t<\/div>\n\t\t\n\t\t\t\t\t\t\t<\/a>\n\t\t<\/div>\n\t\t\t\t\t\t<\/div>\n\t\t\t\t<\/div>\n\t\t\t\t<div class=\"elementor-element elementor-element-0bd9e0e elementor-widget elementor-widget-spacer\" data-id=\"0bd9e0e\" data-element_type=\"widget\" data-widget_type=\"spacer.default\">\n\t\t\t\t<div class=\"elementor-widget-container\">\n\t\t\t\t\t\t\t<div class=\"elementor-spacer\">\n\t\t\t<div class=\"elementor-spacer-inner\"><\/div>\n\t\t<\/div>\n\t\t\t\t\t\t<\/div>\n\t\t\t\t<\/div>\n\t\t\t\t\t<\/div>\n\t\t\t\t<\/div>\n\t\t\t\t<\/div>\n\t\t","protected":false},"excerpt":{"rendered":"<p>\u00bfDe qu\u00e9 se trata? El piso de caucho continuo es un pavimento especialmente dise\u00f1ado como elemento de seguridad, actuando de contenci\u00f3n y amortiguaci\u00f3n de impactos frente a ca\u00eddas. Sus propiedades lo hacen ideal para espacios recreativos como escuelas, patios, jardines de infantes, parques y plazas p\u00fablicas. El producto se compone de la mezcla obtenida in-situ de granos de caucho semielaborados con un aglutinante especial. El piso se compone de una capa SBR de granos de caucho reciclado provenientes de neum\u00e1ticos. Esta base es la responsable de las propiedades amortiguantes.Seguido a ella, una fina capa de caucho EPDM o SBR v\u00edrgen marca Caucho Color le dar\u00e1 su colorida apariencia. Cuales son sus propiedades? Formulario de pedidos Caucho Color: EPDM vs. SBR Controles y ensayos de Calidad Ejemplos Colegio San Andr\u00e9s \u2013 Victoria, Buenos Aires. Palmas del Pilar Shopping \u2013 Panamericana Km 50, La Lonja, Buenos Aires. Formulario de pedidos<\/p>\n","protected":false},"author":1,"featured_media":0,"parent":0,"menu_order":0,"comment_status":"closed","ping_status":"closed","template":"","meta":{"footnotes":""},"class_list":["post-6341","page","type-page","status-publish","hentry","post-no-thumbnail"],"_links":{"self":[{"href":"https:\/\/cauchocolor.com.ar\/sitio\/wp-json\/wp\/v2\/pages\/6341","targetHints":{"allow":["GET"]}}],"collection":[{"href":"https:\/\/cauchocolor.com.ar\/sitio\/wp-json\/wp\/v2\/pages"}],"about":[{"href":"https:\/\/cauchocolor.com.ar\/sitio\/wp-json\/wp\/v2\/types\/page"}],"author":[{"embeddable":true,"href":"https:\/\/cauchocolor.com.ar\/sitio\/wp-json\/wp\/v2\/users\/1"}],"replies":[{"embeddable":true,"href":"https:\/\/cauchocolor.com.ar\/sitio\/wp-json\/wp\/v2\/comments?post=6341"}],"version-history":[{"count":16,"href":"https:\/\/cauchocolor.com.ar\/sitio\/wp-json\/wp\/v2\/pages\/6341\/revisions"}],"predecessor-version":[{"id":6477,"href":"https:\/\/cauchocolor.com.ar\/sitio\/wp-json\/wp\/v2\/pages\/6341\/revisions\/6477"}],"wp:attachment":[{"href":"https:\/\/cauchocolor.com.ar\/sitio\/wp-json\/wp\/v2\/media?parent=6341"}],"curies":[{"name":"wp","href":"https:\/\/api.w.org\/{rel}","templated":true}]}}